-2. Suppose g + r*q = 2*q - 5, -q = -3*g + 15. What is the highest common factor of 32 and g?
4
Suppose -193*i - 369 = -202*i. Calculate the highest common divisor of i and 3.
1
Suppose -i - 69 = -4*a, 0 = -2*a + 3*i - i + 42. Let r be 1*9/(9/4). Suppose -r*x = -7*x + 48. Calculate the highest common factor of x and a.
16
Suppose 31*x + l - 94 = 30*x, x - 3*l - 90 = 0. Calculate the greatest common factor of 124 and x.
31
Let b be (-72)/4*(-24)/9. Let u(i) = 10*i + 126. Let l be u(-12). What is the highest common divisor of l and b?
6
Suppose -335 = 5*x - q, 2*x + 0*q = -q - 141. Let d = -4 - x. Let i = 97 - -63. Calculate the greatest common divisor of d and i.
32
Let z(l) = -l**2 - 40*l + 41. Let p be z(-32). Let n(u) = 6*u**2 + 3*u - 3. Let o be n(2). Calculate the greatest common factor of o and p.
27
Suppose 0 = 7*w + 18 - 53. Suppose w*q - 3*m - m = 953, -3*q = 3*m - 561. What is the highest common divisor of 27 and q?
27
Suppose -7*w + 18 = -3. Suppose r - 55 = -t, -2*r = -w*t - 2*t - 117. Calculate the greatest common factor of 8 and r.
8
Suppose 27*i - 21*i = 120. Calculate the greatest common divisor of i and 32.
4
Let w = -7 - -31. Calculate the highest common divisor of 36 and w.
12
Let x = -147 - -542. What is the greatest common divisor of x and 237?
79
Let h = 399 + -383. Calculate the greatest common divisor of 72 and h.
8
Suppose -5*a + 12 = a. Let y be a - (-7 - (3 + -5)). What is the greatest common divisor of y and 63?
7
Let p(j) = j**2 - 10*j + 9. Suppose -593 = 3*x + 67. Let y be ((-2)/4)/(10/x). Let o be p(y). Calculate the greatest common divisor of o and 8.
4
Let r = 24 + 48. Let f(p) = -3*p. Let y be f(-3). What is the highest common divisor of y and r?
9
Let y(t) be the second derivative of t**4/12 - t**3/6 - 54*t. Let b be y(8). What is the highest common divisor of 42 and b?
14
Suppose -g - 2*y = -4*y - 10, -2*g - 5 = y. Let n(j) = -j**2 + j + 112. Let z be n(g). Calculate the highest common divisor of z and 14.
14
Suppose -2*t + 3*v = -85, -6*t + 95 = -4*t - 5*v. Suppose 1 - t = w. Let q = -18 - w. Calculate the greatest common divisor of 24 and q.
8
Suppose -2*z + 4*c - 5*c + 8 = 0, -3 = -z - c. Suppose -3*r + 28 = 5*i + z, -2*r - 22 = -2*i. Calculate the highest common factor of i and 1.
1
Let o(s) = -5*s**2 + 7*s - 12. Let x be o(5). Let j = -58 - x. Let p be 22/(-3)*(-6)/4. Calculate the highest common divisor of p and j.
11
Suppose 92 - 17 = 5*y. What is the greatest common factor of y and 45?
15
Let n(w) = -w**2 + 4*w. Let s be n(2). Suppose -4*i + s*j + 75 = -17, -3*i - j + 65 = 0. What is the greatest common factor of 66 and i?
22
Let p = -52 + 41. Let w(t) = t**2 + 11*t + 8. Let l be w(p). Suppose 36 = b + 4*c, 3*b - 3*c - 23 = 2*c. What is the greatest common factor of b and l?
8
Let w = -31 - -27. Let y be (-426)/(-36) + w/(-24). Calculate the highest common factor of 108 and y.
12
Suppose 3*j = 23*j - 7040. Calculate the highest common divisor of 32 and j.
32
Let o = -177 + 737. Calculate the greatest common factor of o and 70.
70
Let r be ((-10)/(-3))/((-6)/(-9)). Suppose j + 44 = r*j. Calculate the greatest common factor of 77 and j.
11
Let p(o) = 2*o - 4. Let x be p(3). Suppose -i = 11 + x. Let a = -7 - i. Calculate the highest common factor of 6 and a.
6
Let m = 0 + 10. Let c(a) = -a**2 + 80*a - 216. Let z be c(77). What is the greatest common divisor of m and z?
5
Suppose -27*i + 22*i + 3440 = 0. Calculate the greatest common factor of i and 43.
43
Let m(k) = 16*k - 80. Let l be m(7). Calculate the greatest common divisor of l and 112.
16
Let y = 312 - 272. Calculate the highest common factor of 5 and y.
5
Let j(l) = l**3 + 2*l**2 - l - 8. Let a be j(4). What is the greatest common divisor of 294 and a?
42
Suppose 3*r + 2*r + 283 = 4*a, -4*a - 2*r = -318. What is the highest common divisor of 7 and a?
7
Suppose -u - 2*u + 108 = 0. Let s be 5 + -7 - 0 - (5 + -16). What is the greatest common divisor of u and s?
9
Let l(h) = h + 15. Let g be l(-13). Suppose 294 = 4*z - g*z. What is the highest common divisor of z and 21?
21
Let l = -24 - -78. What is the highest common factor of 45 and l?
9
Suppose 25*u - 78 = 23*u. What is the greatest common factor of u and 13?
13
Let u = 77 - 109. Suppose -2*d + 6*d = -4*a + 328, 0 = 2*d - a - 167. Let k = d + u. Calculate the greatest common divisor of 34 and k.
17
Let o = -1181 + 1236. What is the highest common divisor of 2 and o?
1
Let p(v) = v**3 + 8*v**2 - v + 14. Let w be p(-8). Let u = -20 + 31. What is the highest common divisor of w and u?
11
Suppose -11*s + 333 = -2*s. Suppose w = -2*l + 3*w - 50, l + 13 = -3*w. Let u = l + s. Calculate the highest common factor of 60 and u.
15
Suppose 6*u = -867 + 3999. What is the greatest common divisor of 116 and u?
58
Let h = -17 - -37. Suppose -4*k = -2*k - h. Suppose 5*v - 10 = 5*n, -6*v + v + n = -k. What is the greatest common factor of 6 and v?
2
Suppose 0 = -4*c + 124 + 140. Let t = -4348 - -4381. Calculate the highest common divisor of c and t.
33
Let i = 8 - 7. Let a(m) = m + 8. Suppose -6*y = 2*y. Let v be a(y). Calculate the highest common divisor of v and i.
1
Let w(k) = 8*k + 22. Let q be w(4). What is the greatest common divisor of q and 270?
54
Let r(l) be the first derivative of -l**4/4 - l**3/3 + 30*l - 1. Suppose 6*n - 4*n = 6*n. Let s be r(n). Calculate the highest common divisor of 15 and s.
15
Suppose 5*u - 2*s - 5 = 2*u, -3*s - 3 = -3*u. Let r be 140/28*(2 + -1)*1. Suppose 0*i = -i - 5, u*k = -r*i + 14. What is the highest common factor of 52 and k?
13
Let a = -51 + 148. Let p = 9 + -4. Suppose p*h = 4*y - 625, -2*h + a = -y + 251. Calculate the highest common factor of 20 and y.
20
Suppose 22*s - 126 = 8*s. What is the highest common factor of 36 and s?
9
Let v = -13 + 46. Calculate the greatest common factor of 11 and v.
11
Let g be 12/(-2)*(190/30 - 7). What is the greatest common divisor of g and 10?
2
Let u(b) = 7*b**2 + 2*b - 1. Let w(k) = -4*k - 15. Let c be (-2)/1*(-60)/(-24). Let j be w(c). Let s be u(j). What is the highest common divisor of s and 23?
23
Suppose 4*u - 307 = -3*z - 4, -57 = -u + 3*z. Suppose -5*y + 18 = -u. What is the greatest common factor of y and 45?
9
Suppose 5*o + 0 - 60 = 0. Let q be (-861)/(-9) + (-1)/(-3). Let c be 3*(1*q)/3. What is the greatest common divisor of o and c?
12
Let v(y) = -12*y**2 + 2*y + 1. Let c be v(-1). Let i = c - -11. Let g be (21 - (1 + 2)) + i. Calculate the highest common divisor of g and 48.
16
Let q(p) = 2*p**2 - 60*p + 186. Let d be q(3). What is the highest common divisor of 424 and d?
8
Let q(b) = b**2 + 13*b + 15. Let c be q(-12). Suppose -c*n - 256 = -4*n. Let r be n/12*3/2. Calculate the greatest common factor of r and 64.
32
Let i = 22 - 22. Suppose i = k + 2 - 22. Let v = -75 - -105. Calculate the highest common factor of k and v.
10
Let i = -129 + 49. Let m(l) = l**2 - 9*l + 10. Let d be m(-10). Let z = d + i. Calculate the highest common factor of 48 and z.
24
Suppose -68*b + 70*b + 2*f = 162, 5*f = -4*b + 325. What is the greatest common factor of b and 190?
10
Suppose 16 = -4*r + 5*j, -14 = 2*r - 5*j + 4. Let q be (-27)/3*-1*1. Calculate the greatest common divisor of r and q.
1
Suppose 4*h - 138 + 10 = 0. Let s be ((-1)/(-4))/(3/24). Suppose s*n - h = -18. Calculate the highest common factor of 1 and n.
1
Suppose -5*r = 3*h + 131, -2*r + 26 = 3*h + 82. Let y = -27 - r. Let f be (y - -142)*(-1)/(-2). What is the greatest common factor of 10 and f?
10
Let x be 1/2 + (20 - 11151/(-14)). What is the highest common divisor of 172 and x?
43
Suppose 0 = -26*y + 107 + 101. What is the highest common factor of 376 and y?
8
Suppose 2*f = 5*m + 1512, -5*f - 329 - 603 = 3*m. Let x be ((-3)/(-6))/((-4)/m). What is the highest common factor of 19 and x?
19
Suppose 5*v + 5*f + 1160 = 5545, 0 = -v + 5*f + 895. What is the greatest common factor of v and 55?
55
Let z = 4112 + -1816. What is the highest common divisor of 56 and z?
56
Let t(s) = s**3 + 14*s**2 + 9*s - 35. Let k be t(-13). Suppose 155 = 4*l - 117. Calculate the highest common divisor of l and k.
17
Suppose 3*u + 363 = 2*f + 17, -3*f = 4*u - 502. Calculate the highest common divisor of 20 and f.
10
Suppose 0 = 4*u - 9*u + 55. Suppose -2835 = -u*x + 2*x. Calculate the gr